{"id":713,"date":"2023-08-19T17:05:53","date_gmt":"2023-08-19T15:05:53","guid":{"rendered":"http:\/\/localhost\/fara-pleszew\/?page_id=713"},"modified":"2026-04-21T16:54:27","modified_gmt":"2026-04-21T14:54:27","slug":"ogloszenia-parafialne","status":"publish","type":"page","link":"https:\/\/farapleszew.pl\/?page_id=713","title":{"rendered":"Og\u0142oszenia parafialne"},"content":{"rendered":"\n<div class=\"wp-block-stackable-columns alignfull stk-block-columns stk-block stk-51b2b12 stk-block-background stk--has-background-overlay\" data-block-id=\"51b2b12\"><style>.stk-51b2b12 {background-image:url(https:\/\/farapleszew.pl\/wp-content\/uploads\/2023\/10\/fot-opiek-15.jpg) !important;background-attachment:fixed !important;background-position:center center !important;background-repeat:no-repeat !important;background-size:cover !important;padding-top:300px !important;padding-bottom:200px !important;margin-bottom:0px !important;}.stk-51b2b12:before{background-color:#000000 !important;opacity:0.5 !important;}.stk-51b2b12-column{--stk-column-gap:35px !important;}@media screen and (max-width:999px){.stk-51b2b12 {padding-top:250px !important;padding-bottom:150px !important;}}@media screen and (max-width:689px){.stk-51b2b12 {padding-top:150px !important;padding-bottom:100px !important;}}<\/style><div class=\"stk-row stk-inner-blocks stk-block-content stk-content-align stk-51b2b12-column\">\n<div class=\"wp-block-stackable-column stk-block-column stk-column stk-block stk-3a43e6b\" data-v=\"4\" data-block-id=\"3a43e6b\"><style>.stk-3a43e6b-container{margin-top:0px !important;margin-right:0px !important;margin-bottom:0px !important;margin-left:0px !important;}@media screen and (min-width:690px){.stk-3a43e6b {flex:var(--stk-flex-grow, 1) 1 calc(50.2% - var(--stk-column-gap, 0px) * 1 \/ 2 ) !important;}}@media screen and (min-width:690px) and (max-width:999px){.stk-3a43e6b {flex:var(--stk-flex-grow, 1) 1 calc(100% - var(--stk-column-gap, 0px) * 0 \/ 1 ) !important;}}<\/style><div class=\"stk-column-wrapper stk-block-column__content stk-container stk-3a43e6b-container stk--no-background stk--no-padding\"><div class=\"has-text-align-center-tablet stk-block-content stk-inner-blocks stk-3a43e6b-inner-blocks\">\n<div class=\"wp-block-stackable-text stk-block-text stk-block stk-3bad419\" data-block-id=\"3bad419\"><style>.stk-3bad419 {margin-bottom:8px !important;}.stk-3bad419 .stk-block-text__text{color:var(--theme-palette-color-8, #ffffff) !important;font-weight:bold !important;}<\/style><p class=\"stk-block-text__text has-text-color\"><\/p><\/div>\n\n\n\n<div class=\"wp-block-stackable-heading stk-block-heading stk-block-heading--v2 stk-block stk-7225c59\" id=\"ogloszenia-parafialne\" data-block-id=\"7225c59\"><style>.stk-7225c59 {margin-bottom:10px !important;}.stk-7225c59 .stk-block-heading__text{font-size:45px !important;color:var(--theme-palette-color-8, #ffffff) !important;line-height:1.3em !important;font-weight:800 !important;}@media screen and (max-width:999px){.stk-7225c59 .stk-block-heading__text{font-size:40px !important;}}@media screen and (max-width:689px){.stk-7225c59 .stk-block-heading__text{font-size:30px !important;}}<\/style><h2 class=\"stk-block-heading__text has-text-color\">Og\u0142oszenia parafialne<\/h2><\/div>\n\n\n\n<div class=\"wp-block-stackable-text stk-block-text stk-block stk-81505a5\" data-block-id=\"81505a5\"><style>.stk-81505a5 .stk-block-text__text{color:var(--theme-palette-color-8, #ffffff) !important;}<\/style><p class=\"stk-block-text__text has-text-color\"><\/p><\/div>\n<\/div><\/div><\/div>\n\n\n\n<div class=\"wp-block-stackable-column stk-block-column stk-column stk-block stk-0e2597c\" data-v=\"4\" data-block-id=\"0e2597c\"><style>.stk-0e2597c-container{margin-top:0px !important;margin-right:0px !important;margin-bottom:0px !important;margin-left:0px !important;}@media screen and (min-width:690px){.stk-0e2597c {flex:var(--stk-flex-grow, 1) 1 calc(49.8% - var(--stk-column-gap, 0px) * 1 \/ 2 ) !important;}}@media screen and (min-width:690px) and (max-width:999px){.stk-0e2597c {flex:var(--stk-flex-grow, 1) 1 calc(100% - var(--stk-column-gap, 0px) * 0 \/ 1 ) !important;}}<\/style><div class=\"stk-column-wrapper stk-block-column__content stk-container stk-0e2597c-container stk--no-background stk--no-padding\"><div class=\"stk-block-content stk-inner-blocks stk-0e2597c-inner-blocks\"><\/div><\/div><\/div>\n<\/div><\/div>\n\n\n\n<ol class=\"wp-block-list\">\n<li><strong>Og\u0142oszenia 19 .04. 2026<\/strong><\/li>\n\n\n\n<li>Dzi\u0119kuj\u0119 wszystkim, kt\u00f3rzy byli zaanga\u017cowani w spotkanie m\u0142odych.<\/li>\n\n\n\n<li>Dzisiaj go\u015bcimy pani\u0105 Marlen\u0119 Rigo z fundacji Misja Nadziei, kt\u00f3ra pracuje na rzecz chrze\u015bcijan w Etiopi i Somali. Pani Marlena poprowadzi rekolekcje dla naszych dzieci ze Szko\u0142y nr. 1.<\/li>\n\n\n\n<li>We wtorek zapraszam na kr\u0105g biblijny o 19 na Wikarence. W \u015brod\u0119 22 kwietnia zapraszam na Szko\u0142\u0119 Wiary dla Doros\u0142ych: Co si\u0119 dzia\u0142o po zmartwychwstaniu?<\/li>\n\n\n\n<li>23 kwietnia w czwartek zapraszam na spotkanie Rad\u0119 Duszpastersk\u0105. Zapraszam na Wikarenk\u0119 o godz. 19.<\/li>\n\n\n\n<li>W pi\u0105tek zapraszam na msz\u0119 za zmar\u0142ych z rodziny i za osoby prze\u017cywaj\u0105ce \u017ca\u0142ob\u0119. Po mszy na Murze Pami\u0119ci ods\u0142oni\u0119cie tablicy po\u015bwi\u0119conej Stanis\u0142awowi Broekere. W ten spos\u00f3b b\u0119dziemy pami\u0119ta\u0107 o osobach wa\u017cnych dla naszej spo\u0142eczno\u015bci, a kt\u00f3rych grobami nie ma kto si\u0119 opiekowa\u0107.<\/li>\n\n\n\n<li>W sobot\u0119 25 kwietnia zapraszam wszystkie osoby, kt\u00f3re chc\u0105 do\u0142\u0105czy\u0107 do ch\u00f3ru. Spotkanie o 11 na Wikarence.<\/li>\n\n\n\n<li>Zbi\u00f3rka ministrant\u00f3w w sobot\u0119 o godz. 16. Na 17 zapraszamy rodzic\u00f3w ministrant\u00f3w na kr\u00f3tkie spotkanie.<\/li>\n\n\n\n<li>W naszym kinie w Pleszewie b\u0119dzie wy\u015bwietlany film pt. Maryja Matka Papie\u017ca. Seanse codziennie od 25 do 30. 04.<\/li>\n\n\n\n<li>Polecam nowy numer Opiekuna.<\/li>\n\n\n\n<li>Odszed\u0142 od nas: Stanis\u0142aw Rybicki.  Wieczny odpoczynek racz mu da\u0107 Panie.<\/li>\n<\/ol>\n\n\n\n<p><\/p>\n","protected":false},"excerpt":{"rendered":"<p>Og\u0142oszenia parafialne<\/p>\n","protected":false},"author":2,"featured_media":0,"parent":0,"menu_order":0,"comment_status":"closed","ping_status":"closed","template":"","meta":{"footnotes":""},"class_list":["post-713","page","type-page","status-publish","hentry"],"blocksy_meta":{"has_hero_section":"disabled","vertical_spacing_source":"custom","content_area_spacing":"none","styles_descriptor":{"styles":{"desktop":"","tablet":"","mobile":""},"google_fonts":[],"version":6}},"_links":{"self":[{"href":"https:\/\/farapleszew.pl\/index.php?rest_route=\/wp\/v2\/pages\/713","targetHints":{"allow":["GET"]}}],"collection":[{"href":"https:\/\/farapleszew.pl\/index.php?rest_route=\/wp\/v2\/pages"}],"about":[{"href":"https:\/\/farapleszew.pl\/index.php?rest_route=\/wp\/v2\/types\/page"}],"author":[{"embeddable":true,"href":"https:\/\/farapleszew.pl\/index.php?rest_route=\/wp\/v2\/users\/2"}],"replies":[{"embeddable":true,"href":"https:\/\/farapleszew.pl\/index.php?rest_route=%2Fwp%2Fv2%2Fcomments&post=713"}],"version-history":[{"count":125,"href":"https:\/\/farapleszew.pl\/index.php?rest_route=\/wp\/v2\/pages\/713\/revisions"}],"predecessor-version":[{"id":2108,"href":"https:\/\/farapleszew.pl\/index.php?rest_route=\/wp\/v2\/pages\/713\/revisions\/2108"}],"wp:attachment":[{"href":"https:\/\/farapleszew.pl\/index.php?rest_route=%2Fwp%2Fv2%2Fmedia&parent=713"}],"curies":[{"name":"wp","href":"https:\/\/api.w.org\/{rel}","templated":true}]}}