{"id":1234,"date":"2023-09-30T16:30:54","date_gmt":"2023-09-30T14:30:54","guid":{"rendered":"http:\/\/localhost\/fara-pleszew\/?page_id=1234"},"modified":"2025-08-18T16:11:27","modified_gmt":"2025-08-18T14:11:27","slug":"nabozenstwa","status":"publish","type":"page","link":"https:\/\/farapleszew.pl\/?page_id=1234","title":{"rendered":"Nabo\u017ce\u0144stwa"},"content":{"rendered":"\n<h2 class=\"wp-block-heading\">do Matki Bo\u017cej Nieustaj\u0105cej Pomocy<\/h2>\n\n\n\n<p>w \u015brod\u0119 przed wieczorn\u0105 Msz\u0105 \u015bwi\u0119t\u0105.<\/p>\n\n\n\n<h2 class=\"wp-block-heading\">do Matki Bo\u017cej<\/h2>\n\n\n\n<p>w sobot\u0119 po Mszy \u015bwi\u0119tej o godzinie 8:00.<\/p>\n\n\n\n<h2 class=\"wp-block-heading\">Wypominki zmar\u0142ych<\/h2>\n\n\n\n<p>w niedziele o godzinie 9:15.<\/p>\n\n\n\n<h2 class=\"wp-block-heading\">Naj\u015bwi\u0119tszego Serca Pana Jezusa<\/h2>\n\n\n\n<p>w pierwszy pi\u0105tek miesi\u0105ca. <\/p>\n\n\n\n<h2 class=\"wp-block-heading\">Niepokalanego Serca NMP<\/h2>\n\n\n\n<p>w pierwsz\u0105 sobot\u0119 miesi\u0105ca.<\/p>\n\n\n\n<div style=\"height:100px\" aria-hidden=\"true\" class=\"wp-block-spacer\"><\/div>\n\n\n\n<p><\/p>\n","protected":false},"excerpt":{"rendered":"<p>do Matki Bo\u017cej Nieustaj\u0105cej Pomocy w \u015brod\u0119 przed wieczorn\u0105 Msz\u0105 \u015bwi\u0119t\u0105. do Matki Bo\u017cej w sobot\u0119 po Mszy \u015bwi\u0119tej o godzinie 8:00. Wypominki zmar\u0142ych w niedziele o godzinie 9:15. Naj\u015bwi\u0119tszego Serca Pana Jezusa w pierwszy pi\u0105tek miesi\u0105ca. Niepokalanego Serca NMP w pierwsz\u0105 sobot\u0119 miesi\u0105ca.<\/p>\n","protected":false},"author":2,"featured_media":0,"parent":0,"menu_order":0,"comment_status":"closed","ping_status":"closed","template":"","meta":{"footnotes":""},"class_list":["post-1234","page","type-page","status-publish","hentry"],"blocksy_meta":{"has_hero_section":"disabled","vertical_spacing_source":"custom","content_area_spacing":"none"},"_links":{"self":[{"href":"https:\/\/farapleszew.pl\/index.php?rest_route=\/wp\/v2\/pages\/1234","targetHints":{"allow":["GET"]}}],"collection":[{"href":"https:\/\/farapleszew.pl\/index.php?rest_route=\/wp\/v2\/pages"}],"about":[{"href":"https:\/\/farapleszew.pl\/index.php?rest_route=\/wp\/v2\/types\/page"}],"author":[{"embeddable":true,"href":"https:\/\/farapleszew.pl\/index.php?rest_route=\/wp\/v2\/users\/2"}],"replies":[{"embeddable":true,"href":"https:\/\/farapleszew.pl\/index.php?rest_route=%2Fwp%2Fv2%2Fcomments&post=1234"}],"version-history":[{"count":5,"href":"https:\/\/farapleszew.pl\/index.php?rest_route=\/wp\/v2\/pages\/1234\/revisions"}],"predecessor-version":[{"id":2021,"href":"https:\/\/farapleszew.pl\/index.php?rest_route=\/wp\/v2\/pages\/1234\/revisions\/2021"}],"wp:attachment":[{"href":"https:\/\/farapleszew.pl\/index.php?rest_route=%2Fwp%2Fv2%2Fmedia&parent=1234"}],"curies":[{"name":"wp","href":"https:\/\/api.w.org\/{rel}","templated":true}]}}

Nabożeństwa

<h2 class="wp-block-heading">do Matki Bożej Nieustającej Pomocy</h2>



<p>w środę przed wieczorną Mszą świętą.</p>



<h2 class="wp-block-heading">do Matki Bożej</h2>



<p>w sobotę po Mszy świętej o godzinie 8:00.</p>



<h2 class="wp-block-heading">Wypominki zmarłych</h2>



<p>w niedziele o godzinie 9:15.</p>



<h2 class="wp-block-heading">Najświętszego Serca Pana Jezusa</h2>



<p>w pierwszy piątek miesiąca. </p>



<h2 class="wp-block-heading">Niepokalanego Serca NMP</h2>



<p>w pierwszą sobotę miesiąca.</p>



<div style="height:100px" aria-hidden="true" class="wp-block-spacer"></div>



<p></p>

<p>do Matki Bożej Nieustającej Pomocy w środę przed wieczorną Mszą świętą. do Matki Bożej w sobotę po Mszy świętej o godzinie 8:00. Wypominki zmarłych w niedziele o godzinie 9:15. Najświętszego Serca Pana Jezusa w pierwszy piątek miesiąca. Niepokalanego Serca NMP w pierwszą sobotę miesiąca.</p>
